
Calculate the greatest common factor of 35 and 217.
7
Calculate the highest common divisor of 126 and 14.
14
Calculate the highest common factor of 20 and 500.
20
What is the highest common divisor of 630 and 609?
21
What is the greatest common divisor of 5 and 40?
5
What is the highest common factor of 3290 and 188?
94
Calculate the greatest common divisor of 527 and 155.
31
What is the greatest common divisor of 99 and 4136?
11
Calculate the greatest common factor of 2080 and 15.
5
What is the highest common divisor of 534 and 12?
6
What is the highest common divisor of 12495 and 21?
21
What is the highest common divisor of 8080 and 1360?
80
What is the greatest common factor of 294 and 98?
98
What is the highest common factor of 1056 and 330?
66
Calculate the highest common factor of 629 and 37.
37
Calculate the highest common divisor of 20 and 4060.
20
Calculate the greatest common divisor of 697 and 17.
17
What is the highest common factor of 4396 and 28?
28
What is the greatest common factor of 10 and 160?
10
Calculate the highest common factor of 830 and 1494.
166
Calculate the highest common factor of 4240 and 3445.
265
What is the greatest common divisor of 2048 and 64?
64
What is the highest common factor of 203 and 35?
7
Calculate the highest common factor of 228 and 285.
57
Calculate the greatest common factor of 957 and 1177.
11
What is the highest common factor of 550 and 6820?
110
Calculate the highest common divisor of 74 and 185.
37
Calculate the highest common divisor of 40 and 35.
5
What is the greatest common divisor of 1276 and 348?
116
Calculate the highest common factor of 7366 and 58.
58
What is the greatest common factor of 61 and 9211?
61
What is the highest common factor of 1826 and 1577?
83
Calculate the greatest common divisor of 493 and 116.
29
Calculate the highest common factor of 15218 and 14.
14
Calculate the highest common divisor of 712 and 10235.
89
What is the highest common divisor of 348 and 2668?
116
What is the highest common divisor of 112 and 994?
14
Calculate the highest common divisor of 1817 and 316.
79
What is the greatest common factor of 20 and 640?
20
What is the highest common factor of 27 and 1368?
9
Calculate the greatest common divisor of 15 and 1650.
15
What is the greatest common divisor of 108 and 342?
18
What is the greatest common divisor of 14650 and 50?
50
What is the greatest common divisor of 17 and 3791?
17
Calculate the highest common divisor of 12 and 246.
6
What is the greatest common factor of 28 and 42?
14
What is the highest common factor of 760 and 5624?
152
What is the highest common factor of 156 and 372?
12
Calculate the highest common factor of 72 and 696.
24
What is the highest common factor of 531 and 18?
9
What is the greatest common divisor of 321 and 107?
107
Calculate the greatest common divisor of 360 and 56.
8
What is the greatest common divisor of 255 and 45?
15
What is the greatest common factor of 57 and 494?
19
What is the greatest common divisor of 84 and 805?
7
What is the highest common factor of 30 and 4170?
30
What is the highest common factor of 22 and 22?
22
What is the highest common factor of 30 and 240?
30
Calculate the greatest common divisor of 27 and 15.
3
What is the greatest common divisor of 54 and 2?
2
Calculate the greatest common factor of 994 and 28.
14
Calculate the greatest common divisor of 510 and 25.
5
Calculate the greatest common divisor of 414 and 18.
18
Calculate the highest common factor of 235 and 10.
5
What is the highest common factor of 112 and 7?
7
What is the highest common factor of 1260 and 70?
70
Calculate the greatest common factor of 2156 and 1364.
44
What is the greatest common divisor of 12 and 1164?
12
Calculate the greatest common divisor of 5915 and 175.
35
What is the greatest common factor of 4746 and 56?
14
Calculate the highest common divisor of 10 and 230.
10
Calculate the highest common factor of 2002 and 13.
13
Calculate the greatest common divisor of 429 and 32461.
143
Calculate the greatest common factor of 4607 and 17.
17
What is the highest common factor of 400 and 308?
4
What is the highest common factor of 138 and 667?
23
Calculate the highest common divisor of 30 and 510.
30
What is the highest common divisor of 129 and 215?
43
What is the greatest common factor of 1 and 827?
1
What is the highest common divisor of 18 and 2601?
9
Calculate the highest common divisor of 168920 and 410.
410
Calculate the greatest common divisor of 68 and 697.
17
What is the greatest common factor of 1368 and 152?
152
What is the highest common divisor of 1773 and 36?
9
What is the highest common divisor of 81 and 3510?
27
Calculate the highest common divisor of 695 and 5.
5
What is the highest common divisor of 22422 and 202?
202
Calculate the greatest common divisor of 693 and 35.
7
Calculate the highest common divisor of 7 and 364.
7
Calculate the highest common factor of 2961 and 1638.
63
Calculate the greatest common factor of 129 and 86.
43
What is the greatest common factor of 63084 and 14?
14
Calculate the highest common factor of 112 and 140.
28
What is the greatest common factor of 1058 and 2?
2
What is the greatest common factor of 28 and 917?
7
Calculate the highest common divisor of 231 and 132.
33
Calculate the highest common divisor of 166 and 4.
2
Calculate the highest common divisor of 480 and 1284.
12
Calculate the highest common divisor of 208 and 52.
52
What is the highest common factor of 24 and 1752?
24
Calculate the highest common divisor of 19416 and 24.
24
Calculate the greatest common divisor of 9 and 1359.
9
What is the greatest common divisor of 1205 and 5?
5
What is the highest common divisor of 949 and 39?
13
Calculate the highest common factor of 209 and 11.
11
Calculate the highest common factor of 72 and 324.
36
Calculate the highest common divisor of 148 and 8.
4
What is the highest common factor of 74 and 26?
2
What is the highest common factor of 943 and 23?
23
What is the greatest common divisor of 88 and 143?
11
Calculate the highest common divisor of 8 and 1024.
8
What is the highest common factor of 28 and 14?
14
What is the greatest common factor of 40 and 940?
20
Calculate the greatest common divisor of 45 and 63.
9
What is the highest common factor of 16 and 1190?
2
What is the highest common factor of 7 and 6251?
7
Calculate the highest common factor of 42 and 434.
14
What is the highest common factor of 76 and 21508?
76
What is the greatest common divisor of 36 and 2547?
9
What is the highest common factor of 85 and 102?
17
Calculate the greatest common factor of 561 and 33.
33
What is the highest common divisor of 6 and 1083?
3
Calculate the highest common divisor of 3180 and 1380.
60
What is the highest common divisor of 473 and 77?
11
Calculate the greatest common divisor of 2816 and 11.
11
What is the greatest common factor of 12 and 13812?
12
Calculate the greatest common divisor of 2813 and 58.
29
What is the greatest common divisor of 26 and 1963?
13
What is the greatest common factor of 96 and 7456?
32
Calculate the greatest common factor of 126 and 9135.
63
Calculate the greatest common divisor of 41255 and 185.
185
Calculate the highest common factor of 44 and 6.
2
Calculate the highest common divisor of 10 and 1402.
2
Calculate the highest common factor of 3885 and 210.
105
Calculate the highest common factor of 462 and 264.
66
Calculate the highest common divisor of 84 and 28.
28
What is the greatest common divisor of 2 and 10618?
2
What is the greatest common factor of 3465 and 270?
45
Calculate the greatest common factor of 2091 and 1353.
123
What is the highest common divisor of 1912 and 2?
2
What is the greatest common factor of 132 and 33?
33
What is the greatest common factor of 200 and 48?
8
Calculate the highest common divisor of 219 and 730.
73
What is the greatest common divisor of 57 and 19?
19
Calculate the highest common factor of 53947 and 73.
73
What is the greatest common divisor of 60 and 1180?
20
What is the highest common divisor of 10 and 430?
10
What is the greatest common factor of 35 and 161?
7
What is the highest common divisor of 46 and 69?
23
What is the highest common factor of 24 and 116?
4
What is the greatest common factor of 